
-70
Let o(i) = 4*i**3 - 171*i**2 + 1341*i + 207. Give o(31).
-3389
Let p(u) = u**3 - 99*u**2 - 356*u - 37. What is p(-4)?
-261
Let u(d) = -2*d**2 - 72*d + 166. Give u(6).
-338
Let f(p) = 195*p + 5261. What is f(-28)?
-199
Let i(b) = -40*b**2 - 728*b - 1525. Calculate i(-15).
395
Let i(r) = -r**3 - 143*r**2 - 735*r - 6197. Give i(-138).
13
Let p(b) = 2051*b**2 - 10316*b + 282. Determine p(5).
-23
Let f(i) = 536*i**2 + 16606*i - 266. Determine f(-31).
44
Let s(u) = 4400*u - 13282. What is s(3)?
-82
Let z(y) = -486*y + 275424. Determine z(567).
-138
Let m(u) = -u**2 + 441*u - 47406. Determine m(186).
24
Let y(t) = -t**2 + 7317*t - 1117122. Determine y(156).
-6
Let i(g) = -10*g**3 - 147*g**2 + 816*g - 18. Determine i(-19).
1
Let p(o) = o**3 - 237*o**2 - 5421*o + 727. Give p(258).
-47
Let r(m) = -37*m**2 - 269*m - 1735. What is r(-6)?
-1453
Let z(w) = -558*w + 53389. Give z(105).
-5201
Let j(g) = 6*g**3 - 101*g**2 - 343*g + 6707. Give j(16).
-61
Let h(a) = -4*a**3 + 430*a**2 + 218*a - 336. Give h(108).
-120
Let a(h) = 2*h**3 + 13*h**2 + 2598*h + 10314. Calculate a(-4).
2
Let b(d) = 72305*d - 867664. Determine b(12).
-4
Let w(i) = i**3 + 2*i**2 - 138*i + 189. What is w(10)?
9
Let r(c) = 7092*c - 560287. What is r(79)?
-19
Let d(c) = -2*c**3 - 16*c**2 + 3*c - 328. Determine d(-9).
-193
Let o(m) = -69*m**3 - 4*m**2 - 48*m - 45. Calculate o(-1).
68
Let y(v) = 427*v**3 + 86*v - 89. What is y(1)?
424
Let l(k) = 74868*k + 16695557. Determine l(-223).
-7
Let d(t) = 19*t**2 - 45*t - 14. Calculate d(-2).
152
Let a(d) = d**3 + 42*d**2 + 284*d + 66. What is a(-8)?
-30
Let o(v) = 589*v + 76360. Determine o(-131).
-799
Let w(c) = c**3 - 95*c**2 - 941*c + 515. What is w(104)?
-5
Let m(n) = 88*n**2 - 20422*n + 1393. Calculate m(232).
1
Let c(a) = 175942*a + 2463182. Give c(-14).
-6
Let d(t) = -2*t**3 - 13*t**2 + 229*t + 19. Calculate d(-14).
-247
Let g(l) = 4007*l - 8028. What is g(2)?
-14
Let i(l) = -416*l**3 + 28*l**2 + 34*l - 60. What is i(1)?
-414
Let j(x) = 5*x**2 - 473*x - 1308. Calculate j(97).
-144
Let m(q) = 102687*q + 308042. Determine m(-3).
-19
Let y(g) = -488*g - 4001. What is y(-13)?
2343
Let k(r) = 2*r**2 + 326*r + 3091. Determine k(-10).
31
Let j(o) = 24*o**2 - 1532*o + 1536. What is j(1)?
28
Let p(b) = -4*b**3 + 107*b**2 - 10. Give p(27).
-739
Let y(f) = -6516*f + 19490. What is y(3)?
-58
Let q(m) = -3*m**3 + 555*m**2 - m - 244. Calculate q(185).
-429
Let z(g) = 2*g**3 + 136*g**2 + 621*g - 563. Give z(-63).
4
Let b(a) = -29203*a + 175223. What is b(6)?
5
Let u(r) = -r**2 + 3552*r - 21294. Give u(6).
-18
Let i(h) = 4064*h - 56904. Determine i(14).
-8
Let f(h) = -12*h**2 + 277*h - 2927. Calculate f(11).
-1332
Let q(o) = 101*o**2 - 31*o - 69. Calculate q(0).
-69
Let c(v) = -v**3 - 174*v**2 - 991*v + 93. Determine c(-6).
-9
Let i(r) = 4*r**2 - 568*r - 7364. What is i(-12)?
28
Let u(d) = d**3 - 163*d**2 - 8632*d - 921. Calculate u(-42).
3
Let h(t) = -5*t**3 + 870*t - 872. Give h(1).
-7
Let u(m) = 2*m**2 - 151*m - 1557. Calculate u(-11).
346
Let r(a) = -188975*a - 45165029. Calculate r(-239).
-4
Let o(r) = -16*r - 1034. Determine o(-60).
-74
Let t(s) = -18*s**2 + 849*s - 3753. What is t(5)?
42
Let t(c) = 14725*c + 147243. Determine t(-10).
-7
Let l(a) = a**2 - 9957*a + 5919469. Determine l(635).
-1
Let h(i) = -35642*i - 249547. Calculate h(-7).
-53
Let u(l) = -4*l**3 + 2*l**2 - 137*l + 11. Calculate u(0).
11
Let x(v) = -3*v**3 - 318*v**2 + 19843*v + 6451. What is x(-150)?
1
Let m(q) = 6*q**2 - 105*q + 391. What is m(8)?
-65
Let g(f) = -2360*f**2 + 678*f - 676. Determine g(1).
-2358
Let g(v) = -14*v**2 + 925*v - 1799. Give g(2).
-5
Let s(k) = -k**3 - 140*k**2 - 54*k - 5353. Determine s(-140).
2207
Let f(y) = 22*y**3 + 203*y**2 + 40*y - 73. Calculate f(-9).
-28
Let k(s) = 122*s**3 + 5*s**2 - 5*s - 15. Give k(-2).
-961
Let o(z) = 1758*z - 21019. Determine o(12).
77
Let z(m) = 2479*m + 22737. Give z(-9).
426
Let t(w) = -45*w**2 + 2231*w - 1280. What is t(49)?
-6
Let q(b) = -66334*b + 1724682. What is q(26)?
-2
Let w(h) = h**3 + 25*h**2 + 226*h + 344. Determine w(-2).
-16
Let w(q) = 895*q + 41107. Determine w(-46).
-63
Let g(u) = -523*u - 5375. Give g(-9).
-668
Let c(q) = q**3 + 502*q**2 - 2010*q - 27. What is c(4)?
29
Let u(o) = o**2 - 573*o + 81528. Determine u(312).
96
Let t(b) = -1713553*b + 5140653. Calculate t(3).
-6
Let r(v) = -4*v**3 + 46*v**2 - 42*v + 18. Calculate r(10).
198
Let r(w) = 840*w - 1945. Determine r(0).
-1945
Let i(b) = 77*b**2 - 487*b + 259. What is i(6)?
109
Let n(b) = 357*b**2 - 2355*b - 2708. What is n(-1)?
4
Let g(v) = -14*v**2 - 1347*v - 15139. What is g(-13)?
6
Let r(c) = -c**2 - 106*c - 809. Determine r(-99).
-116
Let i(l) = -11*l**2 - 234*l - 1227. What is i(-5)?
-332
Let b(f) = f**3 - 132*f**2 - 211*f + 10481. Give b(133).
107
Let i(p) = 258*p + 91881. Give i(-356).
33
Let w(d) = 4254*d - 872265. Give w(205).
-195
Let p(k) = 236*k + 1523. Calculate p(-6).
107
Let j(i) = -i**3 + 342*i**2 - 6193*i + 28768. Give j(9).
4
Let c(f) = -6*f**2 + 10300*f - 51498. Give c(5).
-148
Let j(f) = -3*f**3 + 57*f**2 + 78*f - 895. What is j(20)?
-535
Let h(f) = -2934*f - 84977. Give h(-29).
109
Let q(u) = 1263*u + 2795. Calculate q(1).
4058
Let k(d) = -d**2 + 257*d - 15018. Calculate k(90).
12
Let c(v) = -1878*v**2 + 289209*v + 480. What is c(154)?
18
Let p(h) = -37*h - 2903. Calculate p(-70).
-313
Let p(t) = t**3 + 130*t**2 - 90*t - 29025. Give p(-129).
-774
Let f(q) = q**2 + 1261*q - 73895. Give f(56).
-143
Let p(v) = -3*v**3 - 50*v**2 + 128*v + 1989. What is p(-14)?
-1371
Let c(d) = -35*d - 5220. Calculate c(10).
-5570
Let o(l) = 534*l - 41. Give o(0).
-41
Let j(h) = h**2 + 21666*h - 627. Calculate j(0).
-627
Let h(o) = o**2 + 2815*o - 19600. Calculate h(7).
154
Let m(g) = 12024*g - 1406987. Calculate m(117).
-179
Let v(i) = -916*i + 42954. Determine v(47).
-98
Let k(v) = -3*v**2 + 586*v - 2282. Determine k(4).
14
Let k(g) = -402*g - 16057. Give k(-40).
23
Let d(z) = -182606*z - 365261. Calculate d(-2).
-49
Let i(o) = -549*o - 12085. Give i(-22).
-7
Let r(s) = -2*s**3 + 35*s**2 + 1557*s + 28. Determine r(38).
-10
Let p(d) = d**3 + 32*d**2 + 953*d + 20717. Give p(-26).
-5
Let v(c) = -2*c**2 - 199*c + 467. What is v(-102)?
-43
Let j(x) = -2*x**2 + 1095*x - 12851. Determine j(12).
1
Let y(n) = 6*n**3 + 425*n**2 + 766*n + 59430. What is y(-71)?
3
Let w(f) = -f**2 + 17576*f - 473824. Give w(27).
-1
Let v(c) = 19*c**2 + 845*c - 9141. What is v(9)?
3
Let h(t) = t**3 + 2*t**2 - 25624*t - 102457. Calculate h(-4).
7
Let c(a) = -a**3 - 193*a**2 - 1600*a - 55449. What is c(-186)?
-21
Let z(c) = -137*c**2 - 1218*c - 39. Give z(-9).
-174
Let f(y) = -171*y**2 + 51*y - 6. Determine f(-2).
-792
Let p(g) = -475*g - 8657. Determine p(-17).
-582
Let d(v) = v**3 + 126*v**2 + 3919*v - 68. What is d(-70)?
2
Let d(f) = 3*f**3 - 514*f**2 + 5915*f - 5091. What is d(159)?
-3
Let y(r) = -1907*r + 76220. Determine y(40).
-60
Let v(c) = -974*c + 299174. Calculate v(307).
156
Let w(s) = -2*s**2 - 22461*s + 269846. Calculate w(12).
26
Let s(h) = -34*h**3 - 43*h - 89. Calculate s(-5).
4376
Let t(j) = 9*j**3 - 114*j**2 - 5*j - 66. Give t(13).
376
Let b(i) = -18*i**2 - 3719*i - 22235. Calculate b(-6).
-569
Let y(l) = -l**3 - 140*l**2 + 922*l + 788. Give y(7).
39
Let t(i) = i**2 - 129*i + 2494. Give t(18).
496
Let p(k) = 650*k + 26960. Calculate p(-36).
3560
Let y(s) = -s**2 + 601*s - 17752. What is y(32)?
456
Let s(l) = -4121*l + 239016. Calculate s(58).
-2
Let n(o) = o**3 + 193*o**2 - 835*o - 9229. What is n(-197)?
30
Let s(v) = 3*v**2 + 3218*v + 156241. What is s(-51)?
-74
Let b(u) = -12731*u + 292624. Determine b(23).
-189
Let b(n) = -482*n - 48614. Determine b(-101).
68
Let f(a) = -17112*a + 650457. Calculate f(38).
201
Let y(h) = 83465*h - 500774. Calculate y(6).
16
Let v(c) = -697*c**2 + 1383*c + 8. What is v(2)?
-14
Let g(x) = -2*x**2 + 275*x - 9257. Give g(73).
160
Let b(m) = 822*m - 77. Determine b(2).
1567
Let v(f) = -2*f**2 - 401*f - 18112. What is v(-132)?
-28
Let j(k) = -256*k - 36989. Determine j(-145).
131
Let p(n) = -n**3 + 38*n**2 - 81*n + 605. Calculate p(35).
1445
Let w(g) = -489671*g + 4896768. Give w(10).
58
Let m(r) = 29*r**2 - 241*r + 1988. Give m(8).
1916
Let i(z) = 1130*z**2 - 270070*z - 6. Calculate i(239).
-6
Let j(k) = -k**2 + 336664*k + 57235